{"id":293,"date":"2024-10-21T13:43:39","date_gmt":"2024-10-21T13:43:39","guid":{"rendered":"https:\/\/brasiladentro.org.br\/?page_id=293"},"modified":"2024-11-02T04:37:09","modified_gmt":"2024-11-02T04:37:09","slug":"projeto-maes-do-campo","status":"publish","type":"page","link":"https:\/\/brasiladentro.org.br\/index.php\/projeto-maes-do-campo\/","title":{"rendered":"Projeto M\u00e3es do Campo"},"content":{"rendered":"\t\t<div data-elementor-type=\"wp-page\" data-elementor-id=\"293\" class=\"elementor elementor-293\">\n\t\t\t\t<div class=\"elementor-element elementor-element-5e8c0250 e-flex e-con-boxed e-con e-parent\" data-id=\"5e8c0250\" data-element_type=\"container\" data-settings=\"{&quot;background_background&quot;:&quot;classic&quot;,&quot;shape_divider_bottom&quot;:&quot;mountains&quot;}\">\n\t\t\t\t\t<div class=\"e-con-inner\">\n\t\t\t\t<div class=\"elementor-shape elementor-shape-bottom\" data-negative=\"false\">\n\t\t\t<svg xmlns=\"http:\/\/www.w3.org\/2000\/svg\" viewBox=\"0 0 1000 100\" preserveAspectRatio=\"none\">\n\t<path class=\"elementor-shape-fill\" opacity=\"0.33\" d=\"M473,67.3c-203.9,88.3-263.1-34-320.3,0C66,119.1,0,59.7,0,59.7V0h1000v59.7 c0,0-62.1,26.1-94.9,29.3c-32.8,3.3-62.8-12.3-75.8-22.1C806,49.6,745.3,8.7,694.9,4.7S492.4,59,473,67.3z\"\/>\n\t<path class=\"elementor-shape-fill\" opacity=\"0.66\" d=\"M734,67.3c-45.5,0-77.2-23.2-129.1-39.1c-28.6-8.7-150.3-10.1-254,39.1 s-91.7-34.4-149.2,0C115.7,118.3,0,39.8,0,39.8V0h1000v36.5c0,0-28.2-18.5-92.1-18.5C810.2,18.1,775.7,67.3,734,67.3z\"\/>\n\t<path class=\"elementor-shape-fill\" d=\"M766.1,28.9c-200-57.5-266,65.5-395.1,19.5C242,1.8,242,5.4,184.8,20.6C128,35.8,132.3,44.9,89.9,52.5C28.6,63.7,0,0,0,0 h1000c0,0-9.9,40.9-83.6,48.1S829.6,47,766.1,28.9z\"\/>\n<\/svg>\t\t<\/div>\n\t\t\t\t<div class=\"elementor-element elementor-element-58f9742c elementor-widget elementor-widget-heading\" data-id=\"58f9742c\" data-element_type=\"widget\" data-widget_type=\"heading.default\">\n\t\t\t\t<div class=\"elementor-widget-container\">\n\t\t\t<h2 class=\"elementor-heading-title elementor-size-default\">Projeto M\u00e3es do Campo<\/h2>\t\t<\/div>\n\t\t\t\t<\/div>\n\t\t\t\t<div class=\"elementor-element elementor-element-1b06724e elementor-widget elementor-widget-heading\" data-id=\"1b06724e\" data-element_type=\"widget\" data-widget_type=\"heading.default\">\n\t\t\t\t<div class=\"elementor-widget-container\">\n\t\t\t<h2 class=\"elementor-heading-title elementor-size-default\">2023<\/h2>\t\t<\/div>\n\t\t\t\t<\/div>\n\t\t\t\t\t<\/div>\n\t\t\t\t<\/div>\n\t\t<div class=\"elementor-element elementor-element-561e1b4e e-flex e-con-boxed e-con e-parent\" data-id=\"561e1b4e\" data-element_type=\"container\">\n\t\t\t\t\t<div class=\"e-con-inner\">\n\t\t\t\t<div class=\"elementor-element elementor-element-1db64dd0 elementor-widget elementor-widget-text-editor\" data-id=\"1db64dd0\" data-element_type=\"widget\" data-widget_type=\"text-editor.default\">\n\t\t\t\t<div class=\"elementor-widget-container\">\n\t\t\t\t\t\t\t<p>O <b>Projeto M\u00e3es do Campo<\/b>, desenvolvido em parceria com o <b>Minist\u00e9rio dos Direitos Humanos e da Cidadania<\/b>, beneficiou cerca de <b>500 <\/b>mulheres residentes em comunidades rurais do <b>Distrito Federal<\/b>, com o objetivo de capacit\u00e1-las para exercer fun\u00e7\u00f5es de lideran\u00e7a tanto em suas resid\u00eancias quanto em suas atividades no setor agr\u00edcola.<\/p><p>O projeto proporcionou dois cursos abrangentes: Sustentabilidade da Agricultura Familiar e Empreendedorismo B\u00e1sico. Cada curso teve uma carga hor\u00e1ria total de<b> 80 horas<\/b>, que incluiu aulas presenciais combinadas com suporte tecnol\u00f3gico avan\u00e7ado, palestras especializadas de profissionais renomados, fornecimento de material did\u00e1tico atualizado e excurs\u00f5es pr\u00e1ticas para aplica\u00e7\u00e3o do conhecimento.<\/p><p>O foco do projeto foi multifacetado, abordando n\u00e3o apenas o gerenciamento eficaz das atividades profissionais e pessoais, mas tamb\u00e9m promovendo a igualdade de g\u00eanero no contexto rural, valorizando as contribui\u00e7\u00f5es das mulheres para a agricultura e refor\u00e7ando princ\u00edpios \u00e9ticos no ambiente de neg\u00f3cios. Al\u00e9m disso, o projeto visou fortalecer a capacidade das participantes para liderar e inovar em suas iniciativas, promovendo um impacto positivo duradouro em suas comunidades.<\/p>\t\t\t\t\t\t<\/div>\n\t\t\t\t<\/div>\n\t\t\t\t\t<\/div>\n\t\t\t\t<\/div>\n\t\t<div class=\"elementor-element elementor-element-a1d2ea2 e-flex e-con-boxed e-con e-parent\" data-id=\"a1d2ea2\" data-element_type=\"container\">\n\t\t\t\t\t<div class=\"e-con-inner\">\n\t\t<div class=\"elementor-element elementor-element-790a783 e-con-full e-flex e-con e-child\" data-id=\"790a783\" data-element_type=\"container\">\n\t\t\t\t<div class=\"elementor-element elementor-element-59c9539 elementor-widget elementor-widget-premium-counter\" data-id=\"59c9539\" data-element_type=\"widget\" data-widget_type=\"premium-counter.default\">\n\t\t\t\t<div class=\"elementor-widget-container\">\n\t\t\t\n\t\t<div class=\"premium-counter premium-counter-area top\" data-duration=\"3000\" data-from-value=\"0\" data-to-value=\"500\" data-delimiter=\",\" data-rounding=\"0\">\n\t\t\t\n\t\t<div class=\"premium-counter-icon\">\n\n\t\t\t<span class=\"icon\" data-animation=\"\">\n\n\t\t\t\t\t\t\t\t\t<i class=\"premium-svg-nodraw premium-drawable-icon fas fa-user-graduate\" aria-hidden=\"true\"><\/i>\n\t\t\t\t\n\t\t\t<\/span>\n\t\t<\/div>\n\n\t\t\n\t\t<div class=\"premium-init-wrapper column\">\n\n\t\t\t<div class=\"premium-counter-value-wrap\">\n\t\t\t\t\n\t\t\t\t<span class=\"premium-counter-init\" id=\"counter-59c9539\">0<\/span>\n\n\t\t\t\t\t\t\t<\/div>\n\n\t\t\t\t\t\t\t<div class=\"premium-counter-title\">\n\t\t\t\t\t<p class=\"premium-counter-title-val\">\n\t\t\t\t\t\tMulheres Capacitadas\t\t\t\t\t<\/p>\n\t\t\t\t\t\t\t\t\t<\/div>\n\t\t\t\t\t<\/div>\n\n\t\t\t\t<\/div>\n\n\t\t\t\t<\/div>\n\t\t\t\t<\/div>\n\t\t\t\t<\/div>\n\t\t<div class=\"elementor-element elementor-element-386c0bc e-con-full e-flex e-con e-child\" data-id=\"386c0bc\" data-element_type=\"container\">\n\t\t\t\t<div class=\"elementor-element elementor-element-728f58f elementor-widget elementor-widget-premium-counter\" data-id=\"728f58f\" data-element_type=\"widget\" data-widget_type=\"premium-counter.default\">\n\t\t\t\t<div class=\"elementor-widget-container\">\n\t\t\t\n\t\t<div class=\"premium-counter premium-counter-area top\" data-duration=\"3000\" data-from-value=\"0\" data-to-value=\"80\" data-delimiter=\",\" data-rounding=\"0\">\n\t\t\t\n\t\t<div class=\"premium-counter-icon\">\n\n\t\t\t<span class=\"icon\" data-animation=\"\">\n\n\t\t\t\t\t\t\t\t\t<i class=\"premium-svg-nodraw premium-drawable-icon fas fa-clock\" aria-hidden=\"true\"><\/i>\n\t\t\t\t\n\t\t\t<\/span>\n\t\t<\/div>\n\n\t\t\n\t\t<div class=\"premium-init-wrapper column\">\n\n\t\t\t<div class=\"premium-counter-value-wrap\">\n\t\t\t\t\n\t\t\t\t<span class=\"premium-counter-init\" id=\"counter-728f58f\">0<\/span>\n\n\t\t\t\t\t\t\t<\/div>\n\n\t\t\t\t\t\t\t<div class=\"premium-counter-title\">\n\t\t\t\t\t<p class=\"premium-counter-title-val\">\n\t\t\t\t\t\tCarga hor\u00e1ria\t\t\t\t\t<\/p>\n\t\t\t\t\t\t\t\t\t<\/div>\n\t\t\t\t\t<\/div>\n\n\t\t\t\t<\/div>\n\n\t\t\t\t<\/div>\n\t\t\t\t<\/div>\n\t\t\t\t<\/div>\n\t\t\t\t\t<\/div>\n\t\t\t\t<\/div>\n\t\t<div class=\"elementor-element elementor-element-75c99552 e-flex e-con-boxed e-con e-parent\" data-id=\"75c99552\" data-element_type=\"container\">\n\t\t\t\t\t<div class=\"e-con-inner\">\n\t\t<div class=\"elementor-element elementor-element-798bdd5b e-con-full e-flex e-con e-child\" data-id=\"798bdd5b\" data-element_type=\"container\">\n\t\t\t\t<div class=\"elementor-element elementor-element-218d49dc elementor-widget elementor-widget-image\" data-id=\"218d49dc\" data-element_type=\"widget\" data-widget_type=\"image.default\">\n\t\t\t\t<div class=\"elementor-widget-container\">\n\t\t\t\t\t\t\t\t\t\t\t\t\t<img fetchpriority=\"high\" decoding=\"async\" width=\"434\" height=\"315\" src=\"https:\/\/brasiladentro.org.br\/wp-content\/uploads\/2024\/10\/maes-do-campo.png\" class=\"attachment-large size-large wp-image-296\" alt=\"\" srcset=\"https:\/\/brasiladentro.org.br\/wp-content\/uploads\/2024\/10\/maes-do-campo.png 434w, https:\/\/brasiladentro.org.br\/wp-content\/uploads\/2024\/10\/maes-do-campo-300x218.png 300w\" sizes=\"(max-width: 434px) 100vw, 434px\" \/>\t\t\t\t\t\t\t\t\t\t\t\t\t<\/div>\n\t\t\t\t<\/div>\n\t\t\t\t<\/div>\n\t\t<div class=\"elementor-element elementor-element-6b54321a e-con-full e-flex e-con e-child\" data-id=\"6b54321a\" data-element_type=\"container\">\n\t\t\t\t<div class=\"elementor-element elementor-element-da79e9f elementor-widget elementor-widget-image\" data-id=\"da79e9f\" data-element_type=\"widget\" data-widget_type=\"image.default\">\n\t\t\t\t<div class=\"elementor-widget-container\">\n\t\t\t\t\t\t\t\t\t\t\t\t\t<img decoding=\"async\" width=\"434\" height=\"315\" src=\"https:\/\/brasiladentro.org.br\/wp-content\/uploads\/2024\/10\/maes-do-campo-2.png\" class=\"attachment-large size-large wp-image-295\" alt=\"\" srcset=\"https:\/\/brasiladentro.org.br\/wp-content\/uploads\/2024\/10\/maes-do-campo-2.png 434w, https:\/\/brasiladentro.org.br\/wp-content\/uploads\/2024\/10\/maes-do-campo-2-300x218.png 300w\" sizes=\"(max-width: 434px) 100vw, 434px\" \/>\t\t\t\t\t\t\t\t\t\t\t\t\t<\/div>\n\t\t\t\t<\/div>\n\t\t\t\t<\/div>\n\t\t\t\t\t<\/div>\n\t\t\t\t<\/div>\n\t\t\t\t<\/div>\n\t\t","protected":false},"excerpt":{"rendered":"<p>2023 O Projeto M\u00e3es do Campo, desenvolvido em parceria com o Minist\u00e9rio dos Direitos Humanos e da Cidadania, beneficiou cerca de 500 mulheres residentes em comunidades rurais do Distrito Federal, com o objetivo de capacit\u00e1-las para exercer fun\u00e7\u00f5es de lideran\u00e7a tanto em suas resid\u00eancias quanto em suas atividades no setor agr\u00edcola. O projeto proporcionou dois [&hellip;]<\/p>\n","protected":false},"author":1,"featured_media":295,"parent":0,"menu_order":0,"comment_status":"closed","ping_status":"closed","template":"","meta":{"footnotes":""},"class_list":["post-293","page","type-page","status-publish","has-post-thumbnail","hentry"],"_links":{"self":[{"href":"https:\/\/brasiladentro.org.br\/index.php\/wp-json\/wp\/v2\/pages\/293","targetHints":{"allow":["GET"]}}],"collection":[{"href":"https:\/\/brasiladentro.org.br\/index.php\/wp-json\/wp\/v2\/pages"}],"about":[{"href":"https:\/\/brasiladentro.org.br\/index.php\/wp-json\/wp\/v2\/types\/page"}],"author":[{"embeddable":true,"href":"https:\/\/brasiladentro.org.br\/index.php\/wp-json\/wp\/v2\/users\/1"}],"replies":[{"embeddable":true,"href":"https:\/\/brasiladentro.org.br\/index.php\/wp-json\/wp\/v2\/comments?post=293"}],"version-history":[{"count":16,"href":"https:\/\/brasiladentro.org.br\/index.php\/wp-json\/wp\/v2\/pages\/293\/revisions"}],"predecessor-version":[{"id":440,"href":"https:\/\/brasiladentro.org.br\/index.php\/wp-json\/wp\/v2\/pages\/293\/revisions\/440"}],"wp:featuredmedia":[{"embeddable":true,"href":"https:\/\/brasiladentro.org.br\/index.php\/wp-json\/wp\/v2\/media\/295"}],"wp:attachment":[{"href":"https:\/\/brasiladentro.org.br\/index.php\/wp-json\/wp\/v2\/media?parent=293"}],"curies":[{"name":"wp","href":"https:\/\/api.w.org\/{rel}","templated":true}]}}

Projeto Mães do Campo

<div data-elementor-type="wp-page" data-elementor-id="293" class="elementor elementor-293">
				<div class="elementor-element elementor-element-5e8c0250 e-flex e-con-boxed e-con e-parent" data-id="5e8c0250" data-element_type="container" data-settings="{&quot;background_background&quot;:&quot;classic&quot;,&quot;shape_divider_bottom&quot;:&quot;mountains&quot;}">
					<div class="e-con-inner">
				<div class="elementor-shape elementor-shape-bottom" data-negative="false">
			<svg xmlns="http://www.w3.org/2000/svg" viewBox="0 0 1000 100" preserveAspectRatio="none">
	<path class="elementor-shape-fill" opacity="0.33" d="M473,67.3c-203.9,88.3-263.1-34-320.3,0C66,119.1,0,59.7,0,59.7V0h1000v59.7 c0,0-62.1,26.1-94.9,29.3c-32.8,3.3-62.8-12.3-75.8-22.1C806,49.6,745.3,8.7,694.9,4.7S492.4,59,473,67.3z"/>
	<path class="elementor-shape-fill" opacity="0.66" d="M734,67.3c-45.5,0-77.2-23.2-129.1-39.1c-28.6-8.7-150.3-10.1-254,39.1 s-91.7-34.4-149.2,0C115.7,118.3,0,39.8,0,39.8V0h1000v36.5c0,0-28.2-18.5-92.1-18.5C810.2,18.1,775.7,67.3,734,67.3z"/>
	<path class="elementor-shape-fill" d="M766.1,28.9c-200-57.5-266,65.5-395.1,19.5C242,1.8,242,5.4,184.8,20.6C128,35.8,132.3,44.9,89.9,52.5C28.6,63.7,0,0,0,0 h1000c0,0-9.9,40.9-83.6,48.1S829.6,47,766.1,28.9z"/>
</svg>		</div>
				<div class="elementor-element elementor-element-58f9742c elementor-widget elementor-widget-heading" data-id="58f9742c" data-element_type="widget" data-widget_type="heading.default">
				<div class="elementor-widget-container">
			<h2 class="elementor-heading-title elementor-size-default">Projeto Mães do Campo</h2>		</div>
				</div>
				<div class="elementor-element elementor-element-1b06724e elementor-widget elementor-widget-heading" data-id="1b06724e" data-element_type="widget" data-widget_type="heading.default">
				<div class="elementor-widget-container">
			<h2 class="elementor-heading-title elementor-size-default">2023</h2>		</div>
				</div>
					</div>
				</div>
		<div class="elementor-element elementor-element-561e1b4e e-flex e-con-boxed e-con e-parent" data-id="561e1b4e" data-element_type="container">
					<div class="e-con-inner">
				<div class="elementor-element elementor-element-1db64dd0 elementor-widget elementor-widget-text-editor" data-id="1db64dd0" data-element_type="widget" data-widget_type="text-editor.default">
				<div class="elementor-widget-container">
							<p>O <b>Projeto Mães do Campo</b>, desenvolvido em parceria com o <b>Ministério dos Direitos Humanos e da Cidadania</b>, beneficiou cerca de <b>500 </b>mulheres residentes em comunidades rurais do <b>Distrito Federal</b>, com o objetivo de capacitá-las para exercer funções de liderança tanto em suas residências quanto em suas atividades no setor agrícola.</p><p>O projeto proporcionou dois cursos abrangentes: Sustentabilidade da Agricultura Familiar e Empreendedorismo Básico. Cada curso teve uma carga horária total de<b> 80 horas</b>, que incluiu aulas presenciais combinadas com suporte tecnológico avançado, palestras especializadas de profissionais renomados, fornecimento de material didático atualizado e excursões práticas para aplicação do conhecimento.</p><p>O foco do projeto foi multifacetado, abordando não apenas o gerenciamento eficaz das atividades profissionais e pessoais, mas também promovendo a igualdade de gênero no contexto rural, valorizando as contribuições das mulheres para a agricultura e reforçando princípios éticos no ambiente de negócios. Além disso, o projeto visou fortalecer a capacidade das participantes para liderar e inovar em suas iniciativas, promovendo um impacto positivo duradouro em suas comunidades.</p>						</div>
				</div>
					</div>
				</div>
		<div class="elementor-element elementor-element-a1d2ea2 e-flex e-con-boxed e-con e-parent" data-id="a1d2ea2" data-element_type="container">
					<div class="e-con-inner">
		<div class="elementor-element elementor-element-790a783 e-con-full e-flex e-con e-child" data-id="790a783" data-element_type="container">
				<div class="elementor-element elementor-element-59c9539 elementor-widget elementor-widget-premium-counter" data-id="59c9539" data-element_type="widget" data-widget_type="premium-counter.default">
				<div class="elementor-widget-container">
			
		<div class="premium-counter premium-counter-area top" data-duration="3000" data-from-value="0" data-to-value="500" data-delimiter="," data-rounding="0">
			
		<div class="premium-counter-icon">

			<span class="icon" data-animation="">

									<i class="premium-svg-nodraw premium-drawable-icon fas fa-user-graduate" aria-hidden="true"></i>
				
			</span>
		</div>

		
		<div class="premium-init-wrapper column">

			<div class="premium-counter-value-wrap">
				
				<span class="premium-counter-init" id="counter-59c9539">0</span>

							</div>

							<div class="premium-counter-title">
					<p class="premium-counter-title-val">
						Mulheres Capacitadas					</p>
									</div>
					</div>

				</div>

				</div>
				</div>
				</div>
		<div class="elementor-element elementor-element-386c0bc e-con-full e-flex e-con e-child" data-id="386c0bc" data-element_type="container">
				<div class="elementor-element elementor-element-728f58f elementor-widget elementor-widget-premium-counter" data-id="728f58f" data-element_type="widget" data-widget_type="premium-counter.default">
				<div class="elementor-widget-container">
			
		<div class="premium-counter premium-counter-area top" data-duration="3000" data-from-value="0" data-to-value="80" data-delimiter="," data-rounding="0">
			
		<div class="premium-counter-icon">

			<span class="icon" data-animation="">

									<i class="premium-svg-nodraw premium-drawable-icon fas fa-clock" aria-hidden="true"></i>
				
			</span>
		</div>

		
		<div class="premium-init-wrapper column">

			<div class="premium-counter-value-wrap">
				
				<span class="premium-counter-init" id="counter-728f58f">0</span>

							</div>

							<div class="premium-counter-title">
					<p class="premium-counter-title-val">
						Carga horária					</p>
									</div>
					</div>

				</div>

				</div>
				</div>
				</div>
					</div>
				</div>
		<div class="elementor-element elementor-element-75c99552 e-flex e-con-boxed e-con e-parent" data-id="75c99552" data-element_type="container">
					<div class="e-con-inner">
		<div class="elementor-element elementor-element-798bdd5b e-con-full e-flex e-con e-child" data-id="798bdd5b" data-element_type="container">
				<div class="elementor-element elementor-element-218d49dc elementor-widget elementor-widget-image" data-id="218d49dc" data-element_type="widget" data-widget_type="image.default">
				<div class="elementor-widget-container">
													<img fetchpriority="high" decoding="async" width="434" height="315" src="https://brasiladentro.org.br/wp-content/uploads/2024/10/maes-do-campo.png" class="attachment-large size-large wp-image-296" alt="" srcset="https://brasiladentro.org.br/wp-content/uploads/2024/10/maes-do-campo.png 434w, https://brasiladentro.org.br/wp-content/uploads/2024/10/maes-do-campo-300x218.png 300w" sizes="(max-width: 434px) 100vw, 434px" />													</div>
				</div>
				</div>
		<div class="elementor-element elementor-element-6b54321a e-con-full e-flex e-con e-child" data-id="6b54321a" data-element_type="container">
				<div class="elementor-element elementor-element-da79e9f elementor-widget elementor-widget-image" data-id="da79e9f" data-element_type="widget" data-widget_type="image.default">
				<div class="elementor-widget-container">
													<img decoding="async" width="434" height="315" src="https://brasiladentro.org.br/wp-content/uploads/2024/10/maes-do-campo-2.png" class="attachment-large size-large wp-image-295" alt="" srcset="https://brasiladentro.org.br/wp-content/uploads/2024/10/maes-do-campo-2.png 434w, https://brasiladentro.org.br/wp-content/uploads/2024/10/maes-do-campo-2-300x218.png 300w" sizes="(max-width: 434px) 100vw, 434px" />													</div>
				</div>
				</div>
					</div>
				</div>
				</div>

<p>2023 O Projeto Mães do Campo, desenvolvido em parceria com o Ministério dos Direitos Humanos e da Cidadania, beneficiou cerca de 500 mulheres residentes em comunidades rurais do Distrito Federal, com o objetivo de capacitá-las para exercer funções de liderança tanto em suas residências quanto em suas atividades no setor agrícola. O projeto proporcionou dois [&hellip;]</p>
