{"id":243,"date":"2024-10-21T13:19:47","date_gmt":"2024-10-21T13:19:47","guid":{"rendered":"https:\/\/brasiladentro.org.br\/?page_id=243"},"modified":"2024-10-21T14:22:59","modified_gmt":"2024-10-21T14:22:59","slug":"ver-melhor-educa-mais","status":"publish","type":"page","link":"https:\/\/brasiladentro.org.br\/index.php\/ver-melhor-educa-mais\/","title":{"rendered":"Ver Melhor Educa Mais"},"content":{"rendered":"\t\t<div data-elementor-type=\"wp-page\" data-elementor-id=\"243\" class=\"elementor elementor-243\">\n\t\t\t\t<div class=\"elementor-element elementor-element-581ad730 e-flex e-con-boxed e-con e-parent\" data-id=\"581ad730\" data-element_type=\"container\" data-settings=\"{&quot;background_background&quot;:&quot;classic&quot;,&quot;shape_divider_bottom&quot;:&quot;mountains&quot;}\">\n\t\t\t\t\t<div class=\"e-con-inner\">\n\t\t\t\t<div class=\"elementor-shape elementor-shape-bottom\" data-negative=\"false\">\n\t\t\t<svg xmlns=\"http:\/\/www.w3.org\/2000\/svg\" viewBox=\"0 0 1000 100\" preserveAspectRatio=\"none\">\n\t<path class=\"elementor-shape-fill\" opacity=\"0.33\" d=\"M473,67.3c-203.9,88.3-263.1-34-320.3,0C66,119.1,0,59.7,0,59.7V0h1000v59.7 c0,0-62.1,26.1-94.9,29.3c-32.8,3.3-62.8-12.3-75.8-22.1C806,49.6,745.3,8.7,694.9,4.7S492.4,59,473,67.3z\"\/>\n\t<path class=\"elementor-shape-fill\" opacity=\"0.66\" d=\"M734,67.3c-45.5,0-77.2-23.2-129.1-39.1c-28.6-8.7-150.3-10.1-254,39.1 s-91.7-34.4-149.2,0C115.7,118.3,0,39.8,0,39.8V0h1000v36.5c0,0-28.2-18.5-92.1-18.5C810.2,18.1,775.7,67.3,734,67.3z\"\/>\n\t<path class=\"elementor-shape-fill\" d=\"M766.1,28.9c-200-57.5-266,65.5-395.1,19.5C242,1.8,242,5.4,184.8,20.6C128,35.8,132.3,44.9,89.9,52.5C28.6,63.7,0,0,0,0 h1000c0,0-9.9,40.9-83.6,48.1S829.6,47,766.1,28.9z\"\/>\n<\/svg>\t\t<\/div>\n\t\t\t\t<div class=\"elementor-element elementor-element-3695efc6 elementor-widget elementor-widget-heading\" data-id=\"3695efc6\" data-element_type=\"widget\" data-widget_type=\"heading.default\">\n\t\t\t\t<div class=\"elementor-widget-container\">\n\t\t\t<h2 class=\"elementor-heading-title elementor-size-default\">PROJETO VER MELHOR EDUCA MAIS<\/h2>\t\t<\/div>\n\t\t\t\t<\/div>\n\t\t\t\t<div class=\"elementor-element elementor-element-5aca011f elementor-widget elementor-widget-heading\" data-id=\"5aca011f\" data-element_type=\"widget\" data-widget_type=\"heading.default\">\n\t\t\t\t<div class=\"elementor-widget-container\">\n\t\t\t<h2 class=\"elementor-heading-title elementor-size-default\">2021 e 2022<\/h2>\t\t<\/div>\n\t\t\t\t<\/div>\n\t\t\t\t\t<\/div>\n\t\t\t\t<\/div>\n\t\t<div class=\"elementor-element elementor-element-76b14e4a e-flex e-con-boxed e-con e-parent\" data-id=\"76b14e4a\" data-element_type=\"container\">\n\t\t\t\t\t<div class=\"e-con-inner\">\n\t\t\t\t<div class=\"elementor-element elementor-element-e95b4f elementor-widget elementor-widget-text-editor\" data-id=\"e95b4f\" data-element_type=\"widget\" data-widget_type=\"text-editor.default\">\n\t\t\t\t<div class=\"elementor-widget-container\">\n\t\t\t\t\t\t\t<p>O Projeto Ver Melhor Educa Mais, desenvolvido em colabora\u00e7\u00e3o com o Minist\u00e9rio dos Direitos Humanos e da Cidadania, atendeu um total de 15.567 alunos da rede p\u00fablica do Distrito Federal, com idades entre 12 e 19 anos. O projeto ofereceu uma gama completa de exames oftalmol\u00f3gicos e distribuiu 3.879 \u00f3culos para jovens identificados com problemas de vis\u00e3o.<\/p><p><br \/>Utilizando um consult\u00f3rio m\u00f3vel altamente equipado e uma equipe multidisciplinar, o projeto focou na melhoria tanto do desempenho escolar quanto da qualidade de vida dos alunos. Al\u00e9m de realizar diagn\u00f3sticos oftalmol\u00f3gicos detalhados, o Projeto Ver Melhor Educa Mais tamb\u00e9m implementou orienta\u00e7\u00f5es sobre cuidados preventivos com a sa\u00fade visual.<\/p><p><br \/>Essas atividades foram projetadas para conscientizar as fam\u00edlias sobre a import\u00e2ncia da manuten\u00e7\u00e3o da sa\u00fade ocular e promover pr\u00e1ticas que minimizam problemas futuros. O projeto teve um impacto positivo significativo na educa\u00e7\u00e3o e no bem-estar dos estudantes, ao garantir que problemas de vis\u00e3o n\u00e3o fossem um obst\u00e1culo ao aprendizado e \u00e0 participa\u00e7\u00e3o plena na vida escolar.<\/p>\t\t\t\t\t\t<\/div>\n\t\t\t\t<\/div>\n\t\t\t\t\t<\/div>\n\t\t\t\t<\/div>\n\t\t<div class=\"elementor-element elementor-element-1978f3a9 e-flex e-con-boxed e-con e-parent\" data-id=\"1978f3a9\" data-element_type=\"container\">\n\t\t\t\t\t<div class=\"e-con-inner\">\n\t\t<div class=\"elementor-element elementor-element-22144081 e-con-full e-flex e-con e-child\" data-id=\"22144081\" data-element_type=\"container\">\n\t\t\t\t<div class=\"elementor-element elementor-element-3e151a86 elementor-widget elementor-widget-image\" data-id=\"3e151a86\" data-element_type=\"widget\" data-widget_type=\"image.default\">\n\t\t\t\t<div class=\"elementor-widget-container\">\n\t\t\t\t\t\t\t\t\t\t\t\t\t<img fetchpriority=\"high\" decoding=\"async\" width=\"434\" height=\"315\" src=\"https:\/\/brasiladentro.org.br\/wp-content\/uploads\/2024\/10\/ver-melhor-2.png\" class=\"attachment-large size-large wp-image-245\" alt=\"\" srcset=\"https:\/\/brasiladentro.org.br\/wp-content\/uploads\/2024\/10\/ver-melhor-2.png 434w, https:\/\/brasiladentro.org.br\/wp-content\/uploads\/2024\/10\/ver-melhor-2-300x218.png 300w\" sizes=\"(max-width: 434px) 100vw, 434px\" \/>\t\t\t\t\t\t\t\t\t\t\t\t\t<\/div>\n\t\t\t\t<\/div>\n\t\t\t\t<\/div>\n\t\t<div class=\"elementor-element elementor-element-576c1982 e-con-full e-flex e-con e-child\" data-id=\"576c1982\" data-element_type=\"container\">\n\t\t\t\t<div class=\"elementor-element elementor-element-a9c4944 elementor-widget elementor-widget-image\" data-id=\"a9c4944\" data-element_type=\"widget\" data-widget_type=\"image.default\">\n\t\t\t\t<div class=\"elementor-widget-container\">\n\t\t\t\t\t\t\t\t\t\t\t\t\t<img decoding=\"async\" width=\"434\" height=\"315\" src=\"https:\/\/brasiladentro.org.br\/wp-content\/uploads\/2024\/10\/ver-melhor.png\" class=\"attachment-large size-large wp-image-246\" alt=\"\" srcset=\"https:\/\/brasiladentro.org.br\/wp-content\/uploads\/2024\/10\/ver-melhor.png 434w, https:\/\/brasiladentro.org.br\/wp-content\/uploads\/2024\/10\/ver-melhor-300x218.png 300w\" sizes=\"(max-width: 434px) 100vw, 434px\" \/>\t\t\t\t\t\t\t\t\t\t\t\t\t<\/div>\n\t\t\t\t<\/div>\n\t\t\t\t<\/div>\n\t\t\t\t\t<\/div>\n\t\t\t\t<\/div>\n\t\t\t\t<\/div>\n\t\t","protected":false},"excerpt":{"rendered":"<p>PROJETO VER MELHOR EDUCA MAIS 2021 e 2022 O Projeto Ver Melhor Educa Mais, desenvolvido em colabora\u00e7\u00e3o com o Minist\u00e9rio dos Direitos Humanos e da Cidadania, atendeu um total de 15.567 alunos da rede p\u00fablica do Distrito Federal, com idades entre 12 e 19 anos. O projeto ofereceu uma gama completa de exames oftalmol\u00f3gicos e [&hellip;]<\/p>\n","protected":false},"author":1,"featured_media":245,"parent":0,"menu_order":0,"comment_status":"closed","ping_status":"closed","template":"","meta":{"footnotes":""},"class_list":["post-243","page","type-page","status-publish","has-post-thumbnail","hentry"],"_links":{"self":[{"href":"https:\/\/brasiladentro.org.br\/index.php\/wp-json\/wp\/v2\/pages\/243","targetHints":{"allow":["GET"]}}],"collection":[{"href":"https:\/\/brasiladentro.org.br\/index.php\/wp-json\/wp\/v2\/pages"}],"about":[{"href":"https:\/\/brasiladentro.org.br\/index.php\/wp-json\/wp\/v2\/types\/page"}],"author":[{"embeddable":true,"href":"https:\/\/brasiladentro.org.br\/index.php\/wp-json\/wp\/v2\/users\/1"}],"replies":[{"embeddable":true,"href":"https:\/\/brasiladentro.org.br\/index.php\/wp-json\/wp\/v2\/comments?post=243"}],"version-history":[{"count":10,"href":"https:\/\/brasiladentro.org.br\/index.php\/wp-json\/wp\/v2\/pages\/243\/revisions"}],"predecessor-version":[{"id":255,"href":"https:\/\/brasiladentro.org.br\/index.php\/wp-json\/wp\/v2\/pages\/243\/revisions\/255"}],"wp:featuredmedia":[{"embeddable":true,"href":"https:\/\/brasiladentro.org.br\/index.php\/wp-json\/wp\/v2\/media\/245"}],"wp:attachment":[{"href":"https:\/\/brasiladentro.org.br\/index.php\/wp-json\/wp\/v2\/media?parent=243"}],"curies":[{"name":"wp","href":"https:\/\/api.w.org\/{rel}","templated":true}]}}